the greatest common factor of t and v?
2
Let j be (0/(8/4))/(-1). Let i(c) = c**3 - c + 9. Let k be i(j). What is the highest common divisor of k and 18?
9
Let z = 39 + -24. Calculate the greatest common divisor of z and 30.
15
Let i = 35 - 22. Calculate the greatest common factor of 117 and i.
13
Suppose -5*o + 32 = -4*x, -3*o - 2*x + 15 = -3*x. Suppose 0 = o*n - 6*n + 6. Let g = n - -4. What is the greatest common factor of 7 and g?
7
Let c be 0 - 22/(-2) - 1. What is the greatest common divisor of 2 and c?
2
Suppose -7 = -k - o + 6, -2*o = -5*k + 30. Calculate the highest common divisor of 104 and k.
8
Suppose -2*k + 0*j + 5*j + 92 = 0, -4*k + 2*j + 152 = 0. Calculate the highest common factor of 18 and k.
18
Let i = 9 + -16. Suppose -z + 7 = 3*p, 5*z + 25 = 5*p - 0. Let u = p - i. Calculate the highest common divisor of u and 50.
10
Let z = -4 + 10. Let n(y) = -y**3 + 9*y**2 - 9*y + 10. Let i be n(8). What is the greatest common factor of z and i?
2
Let f be (-76)/(-8)*(2 + 4). What is the greatest common divisor of f and 19?
19
Let h(w) = -w**2 - 15*w - 11. Let f = 3 + -16. Let r be h(f). Calculate the highest common divisor of r and 135.
15
Suppose -4*w - x = 353 - 54, 5*w = -x - 373. Let c = -44 - w. Suppose 30 = 5*r - c. Calculate the greatest common factor of 132 and r.
12
Let t be (-3)/((-3)/10) - (-10 + 8). What is the highest common factor of 36 and t?
12
Let y = 4 + 0. Let i(t) = -52*t + 1. Let m be i(-2). Suppose -4*k = -8*u + y*u + 116, 3*k = -3*u + m. Calculate the greatest common divisor of 4 and u.
4
Let f(w) = 6*w**2 + 2*w - 2. Let i be f(-2). Suppose 11*m - 48 = 3*m. What is the highest common factor of m and i?
6
Suppose 5*k - v + 0*v - 211 = 0, -2*k - v = -83. Let f(c) = -13*c + 1. Let g be f(-1). Calculate the highest common divisor of g and k.
14
Suppose f - 3*f = 4*c + 20, -4*f = -5*c - 25. Let i be 5 + -5 + 24/1. Let t = i + c. What is the greatest common divisor of t and 19?
19
Let m = 5 - 4. Calculate the highest common divisor of 7 and m.
1
Let i(c) = c + 10. Let r be i(-6). Suppose 0 = -2*n - r*d + 25 - 7, -4*n + 12 = -4*d. What is the highest common factor of n and 5?
5
Let u(n) = n**2 + n - 5. Let i be u(-4). Let w be (-2 - (-2 + -1))/(2/(-6)). Let b = w + i. What is the greatest common factor of 1 and b?
1
Let w be -3*42/9*-1. What is the greatest common factor of 98 and w?
14
Let u = -28 + 67. Suppose 51 = 5*w - 14. Calculate the highest common divisor of u and w.
13
Suppose 59 = l - 3*j + 4, 4*j - 20 = 0. Calculate the highest common divisor of l and 10.
10
Suppose 72 - 12 = 5*c. Let u = -345 + 393. Calculate the highest common divisor of c and u.
12
Suppose 5*q - 4*c = 41, 0*q = 2*q - 5*c - 13. Let o be 2/12 + (-970)/(-12). Calculate the greatest common divisor of o and q.
9
Let h = 28 - 22. Calculate the greatest common factor of h and 54.
6
Let o be (-7 + 17)/((-4)/(-10)). Let w(v) = -v**3 + 4*v + 8. Let x be w(-6). Calculate the greatest common factor of o and x.
25
Suppose 5*z - 3*w = 78, 2*z - 5*w = 32 + 3. Calculate the greatest common factor of 5 and z.
5
Let x be -10*(-3 + 3/6). What is the highest common divisor of 10 and x?
5
Let o be 2/(((-5)/2)/(-5)). Suppose 0 = -3*h - i - 0*i + 11, 4*i - 20 = 0. Suppose -h*q + q + o = 0. Calculate the highest common factor of q and 10.
2
Let a(m) = 7*m**2 - 1. Let o be a(1). What is the greatest common factor of o and 66?
6
Suppose 1 = -m + 6, 5*g + 2*m = 115. Suppose 0 = 5*y - 9 - g. Suppose -2*o - 8 = -2*f, -4*f - 11 = -y*f + o. Calculate the greatest common factor of 77 and f.
7
Let u be (-2 - -1)/((-2)/10). Suppose -2*s - 62 = -u*p - 5*s, -46 = -5*p + s. Let l = 26 - 16. What is the highest common factor of l and p?
10
Let j(m) = -m**3 + m**2 + m - 66. Let z be j(0). Let g be (-1770)/z + (-4)/(-22). What is the greatest common divisor of g and 27?
27
Let s be ((-1)/1*-2)/((-12)/(-456)). Calculate the greatest common factor of 38 and s.
38
Let o be (-6 + 8)*78/4. Calculate the highest common factor of 13 and o.
13
Suppose 4*x = 7 + 53. Suppose -2*s = 3*s - 20. Suppose -2*u - 6 = -s*u. Calculate the greatest common factor of u and x.
3
Suppose 0 = 2*s - s + 2*z - 14, 3*s + 5*z = 40. Let l(c) = -3 + 2*c - 4*c + 6*c + 1. Let r be l(1). Calculate the highest common factor of r and s.
2
Let o = 41 - 8. Let v = 1 - -1. Let j be ((-8)/v)/(-1) - 1. Calculate the highest common divisor of o and j.
3
Suppose 0*p + 3*p - 52 = -5*t, -2*t = -4*p. Let f(c) = -c. Let q be f(-1). What is the greatest common factor of q and t?
1
Let t be (68/(-6))/(6/(-9)). What is the greatest common factor of 68 and t?
17
Let j(d) = d. Let g be j(9). Calculate the highest common divisor of 3 and g.
3
Suppose -l + 35 + 75 = 0. Let p be ((-3)/(-2))/((-3)/(-20)). Calculate the highest common divisor of p and l.
10
Suppose 2*a = -5*v + 395, -3*v + 3*a + a = -263. What is the highest common factor of v and 9?
9
Let j(u) = u**2 + 6*u + 11. Let p be j(-5). Let x(r) = -r - 2. Let t be x(2). Let d be 54/12 - p/t. What is the greatest common divisor of d and 48?
6
Suppose 6 = 3*c - 12. Suppose -3*h - 12 = -4*h. What is the highest common factor of c and h?
6
Suppose -3 = h - 2*h. Suppose -202 = -4*k - s, 152 = h*k - s + 2*s. Let i be (-10)/(-3 + 2 + 0). Calculate the highest common divisor of k and i.
10
Let h = -13 - -34. Suppose 0 = -2*i - 4*w + 112 - 36, w = 2*i - 86. Calculate the highest common divisor of h and i.
21
Let n be (-4)/6 - 20/(-3). Let v be (2/n)/(2/18). Let l = 10 - 4. Calculate the highest common divisor of l and v.
3
Let b = 1 + -12. Let d = b + 21. Calculate the highest common factor of 4 and d.
2
Suppose -2*k = -7*k + 10. Let s(l) = 0*l + 0*l + l**k. Let q be s(-1). Calculate the greatest common factor of 7 and q.
1
Let z(i) = -i**2 - 2*i - 1. Let x be z(-2). Let d be 35/(1 + x + 1). Let b = d + -22. Calculate the highest common factor of b and 65.
13
Let d(u) = u**2 + 1. Let q be d(-1). Suppose 0 = -2*j - q*i - 7 + 3, 0 = 5*j + 4*i + 7. What is the highest common factor of j and 3?
1
Let k be 2/8 - 139/(-4). Suppose -h = -45 - k. Let x be 9/(-6)*-2 - -29. Calculate the highest common factor of x and h.
16
Let v = 59 - 66. Let r(y) = y**3 - 6*y + 3*y**2 + 5*y**2 + 8 + 0*y. Let s be r(v). What is the greatest common factor of s and 9?
9
Suppose 2*n - 36 = 3*r + 88, 4*n = -5*r + 204. Suppose 10 = 2*b + 4*k, 29 = 4*b + 4*k + 5. Calculate the greatest common divisor of b and n.
7
Suppose -8*k + 1475 = -205. Calculate the greatest common factor of k and 21.
21
Let z(p) = -3*p - 1. Let q be z(1). Let m be (-1 - q)*6/(-2). Let v be m*((-8)/6 + 0). Calculate the greatest common factor of 24 and v.
12
Suppose -56 - 30 = -s - r, 0 = s - 5*r - 62. Suppose -2*k - v + s = 0, k + 3*v = 43 + 3. Suppose 4*u = 7*u - 30. What is the highest common divisor of k and u?
10
Suppose -w + 0*w = -4*k - 213, -2*w - 42 = k. Let j be (-1*54)/((-12)/(-8)). Let q = j - k. What is the highest common factor of 24 and q?
8
Suppose -4 = b - 18. Calculate the highest common factor of 70 and b.
14
Let k be 1 + -2 + 46 + 0. Let j = -7 + 10. Suppose 2*b - 90 = -j*b. Calculate the highest common divisor of b and k.
9
Suppose h - x + 0*x = 203, 5*h - 2*x - 1030 = 0. Calculate the highest common factor of h and 32.
16
Let r(q) = q - 8. Let f be r(9). Suppose -t + 6 = f. What is the greatest common factor of t and 1?
1
Suppose -3*o - 2*o + 2790 = -5*a, 0 = -3*o + 2*a + 1669. Suppose -2*y = 3*i - 271, -3*y - 192 + o = 4*i. Calculate the highest common divisor of i and 13.
13
Let s = 77 + -158. Let r be (4/3)/((-2)/s). Let h = -23 + 32. What is the greatest common factor of h and r?
9
Let z = 29 - 18. Let t = -4 - 1. Let c = t + 6. Calculate the greatest common factor of c and z.
1
Suppose 0*l + 5*l - 104 = -4*u, 0 = -3*u + l + 59. Let k be (-20)/(-50) + (-136)/(-10). Calculate the greatest common factor of u and k.
7
Suppose -7*x - 5*h - 25 = -2*x, -2*x + 2*h = 26. Let k be (x/(-6))/((-6)/(-8)). Suppose 0 = k*a - 6*a + 72. Calculate the greatest common factor of 12 and a.
6
Suppose -13*i = -28*i + 225. What is the greatest common factor of 75 and i?
15
Let x = 247 - 16. What is the greatest common factor of x and 21?
21
Suppose 3*r = -6*y + y - 2, 2*y - 12 = 2*r. Let t be 3 + (-2 - r - 2). Suppose t*p + 15 = 4*p. W